-13 = -u*q + 11. Calculate the remainder when s(4) is divided by q.
4
Let b(j) = 15*j + 28. What is the remainder when b(9) is divided by 41?
40
Suppose 5*o = 2*o + 267. Suppose -9 = -2*u + o. What is the remainder when u is divided by (14 - (-1 + -2))*(5 - 4)?
15
Suppose 3*q - 37 = -4*f + 1, 2*q = -2*f + 22. Calculate the remainder when 23 is divided by q.
5
Let s be 11/22 + (-29)/(-2). Let i = 21 + -13. Let m = s - i. What is the remainder when m is divided by 3?
1
Let i = -15 - -25. Let c = i - 9. What is the remainder when 3 is divided by c?
0
Suppose -5*k = -o + 28, o - k = 15 + 5. Calculate the remainder when 69 is divided by o.
15
Let w = 139 - 86. Suppose 0 = -0*s - 8*s + 112. What is the remainder when w is divided by s?
11
Let k(o) = 9*o**2 + 5*o + 5. What is the remainder when k(-2) is divided by 7?
3
Let n be (-172)/12 + 2/(-3). Let k = n + 28. Calculate the remainder when 25 is divided by k.
12
Let t be (25/(-2))/((-2)/4). Suppose -t = 3*m - 8*m. What is the remainder when -3 + m - (0 + 0) is divided by 1?
0
Suppose 0 = 3*l - 3. Calculate the remainder when 1 is divided by l.
0
Let b(r) = r**2 + 4*r - 1. Let p(i) = -4*i - 1. Let k be -1 + (2 + -1)*-2. Calculate the remainder when p(k) is divided by b(-5).
3
Suppose 6*u + 435 = 4*d + u, 225 = 2*d + 5*u. Let y = -4 + 32. Calculate the remainder when d is divided by y.
26
Let v be (-2)/(-5) - (-54)/15. Suppose -v*b = -6 - 38. What is the remainder when b is divided by 4?
3
Suppose 16*j - 10*j - 36 = 0. Let o = 3 + 18. What is the remainder when o is divided by j?
3
Let m = 13 + -5. Suppose -n - t = -20, n = -5*t + 4 + m. Calculate the remainder when n is divided by 8.
6
Suppose 4*t = -5*m - 0*t + 256, 0 = -2*m - 2*t + 102. What is the remainder when m is divided by 27?
25
Suppose 2*y + 0*y = -5*v + 130, 5*y = v - 53. Suppose 28 = 2*s - 2*o, 0*o + 4*o - 4 = 0. Calculate the remainder when v is divided by s.
13
Suppose 5*u + 4*c - 61 - 23 = 0, -24 = -2*u - 4*c. Calculate the remainder when 77 is divided by u.
17
Suppose 3*o = 3 + 21. Let q(w) = 3*w - 4. What is the remainder when q(9) is divided by o?
7
Let p(n) = -3*n + 17. Let g(s) = s - 8. Let j(z) = 15*g(z) + 6*p(z). Calculate the remainder when 16 is divided by j(-8).
4
Let y be 12 - ((-3)/(-3) + 0). Let i(w) = -7*w - 1 + y*w + 6*w + 23*w. Calculate the remainder when i(1) is divided by 11.
10
Suppose 0 = -4*a - a. Suppose 3*s - 2*s - 27 = a. Calculate the remainder when s is divided by 10.
7
Suppose -3*v + 90 = l - 90, 119 = 2*v + l. What is the remainder when v is divided by 21?
19
Suppose 0 = 5*y - 15 + 5. Suppose -2*s + 7 + 18 = 5*f, 0 = 4*s + 20. What is the remainder when (-159)/(-12) - y/8 is divided by f?
6
Suppose -z - j + 18 = -0*j, 3*j = -4*z + 68. What is the remainder when z/(-21) - 94/(-6) is divided by 6?
3
Let u be ((-2)/(-6))/(2/(-78)). Let v = u + -14. Let q = v - -40. What is the remainder when 50 is divided by q?
11
Let j be 44/6*(-6)/(-4). Let h = j - 5. What is the remainder when 9 is divided by h?
3
Let a(o) = 5*o**2 - 2. Let r(z) = -z**2 + 2*z + 1. Let p be r(3). Calculate the remainder when p + (2 - 0) + 52 is divided by a(2).
16
Suppose -k + 63 - 22 = -5*i, -5*k + 228 = -2*i. Calculate the remainder when k is divided by 16.
14
Suppose -6*z + 4*z = -16. Calculate the remainder when ((-6)/z - 1)*-12 is divided by 11.
10
Suppose -13*z + 9*z = -172. Calculate the remainder when z is divided by 15.
13
Suppose -5*u = 5*i - i - 4, -3*i = 4*u - 4. What is the remainder when -3 + (-54)/(1 + i) is divided by 9?
6
Suppose -3*t = -3*k + 9, -4*k + 2*t = -k - 12. Suppose 4*u = -2*u + 138. Calculate the remainder when u is divided by k.
5
Suppose -2*p + 4*i = 2, -p + i + 10 = p. Suppose l - p - 4 = 0. What is the remainder when 20 is divided by l?
9
Suppose -2*b - 3*b + 25 = 0. Suppose -4*z + b*y = 36, 3*z + 16 = 2*y - y. Let j = 6 - z. What is the remainder when 38 is divided by j?
8
Let r(m) be the second derivative of m + 0 - 2*m**2 - 2/3*m**3. What is the remainder when 35 is divided by r(-4)?
11
Let g be (-3*1)/(15/(-350)). Suppose -10 + g = 2*p. Suppose 2*r + j = -0*r + p, 2*r - 5*j - 18 = 0. What is the remainder when r is divided by 5?
4
Let n be 10*((-12)/10 + 2). Let a = n + 33. Let g = a - 15. What is the remainder when g is divided by 9?
8
Let k = -18 + 62. Calculate the remainder when k is divided by 15.
14
Let k = -4 - -20. Calculate the remainder when k is divided by (-45)/(-10) + (-6)/(-4).
4
Let s(n) = -n**3 - 3*n**2 + 6*n + 15. Calculate the remainder when s(-6) is divided by 30.
27
Suppose -4 = -a - 2*n + 8, -5*a = -5*n. Calculate the remainder when 26 is divided by a.
2
Let l = -4 - 2. Let y(m) = m**2 + 8*m - 4. Let d be y(l). Let s = -10 - d. Calculate the remainder when 11 is divided by s.
5
Suppose 20 = -2*o + 72. Calculate the remainder when 48 is divided by o.
22
Suppose -2*z - 63 = f - 206, -3*z - 2*f = -216. What is the remainder when z is divided by 18?
16
Suppose -3*k - 13*m + 84 = -16*m, 3*m - 54 = -3*k. Let w be (4 - 1)/(3/2). Suppose 0 + 26 = w*b. What is the remainder when k is divided by b?
10
Calculate the remainder when 97 is divided by (-22 - -2)*((-105)/(-12))/(-7).
22
Suppose -3*k + 44 = -g, 4*g - g = -6. What is the remainder when 82 is divided by k?
12
Let x(u) = -u**2 + 8*u + 3. Let n be x(6). Suppose -2*k + n = k. Suppose 40 = 5*z - k*j, 2*j - 30 = -4*z + 26. What is the remainder when z is divided by 7?
5
Let j(p) = p**2 + 12*p - 6. What is the remainder when j(-15) is divided by 14?
11
Let z(l) = l**3 - 8*l**2 + 8*l. Let m be z(8). Let g = m + -18. Calculate the remainder when g is divided by 24.
22
Let i = 40 + -17. Let z(n) = -5*n**3 + 3*n**2 + 3*n + 1. Let t be z(-2). What is the remainder when i is divided by 1/6 + t/6?
7
Let a = -24 - -32. Let u be 4/(-2)*(-21)/6. Let c = u - 4. What is the remainder when a is divided by c?
2
Let z = -18 - -40. Suppose 0 = -4*n + 1 - 17. What is the remainder when z is divided by n/(-10) + (-174)/(-15)?
10
Let z(c) = -c**3 + 7*c**2 - 5*c - 2. Suppose -10 = 2*j, -3*j - 29 = -3*s + j. Suppose f - s = 3. What is the remainder when 11 is divided by z(f)?
3
Let w = 60 - 29. Let m(j) = -j**2 - 12*j - 24. Calculate the remainder when w is divided by m(-5).
9
Let h(k) = 2*k. Let t be h(1). What is the remainder when 43 is divided by -3 - (t + -5 - 15)?
13
Suppose 70 = m + 3*q, -41 = -2*m - q + 119. Calculate the remainder when m is divided by 21.
19
Let x(g) = g**3 + 7*g**2 - 9*g + 6. Let o be x(-8). Suppose 2*i = o + 18. Calculate the remainder when i is divided by (-13)/(-2) - 3/6.
4
Let r = -1 - -3. Suppose 0 = 3*n + r*n - 20. Let p = -1 + n. Calculate the remainder when 4 is divided by p.
1
Let n(s) = 2*s**2 - 9*s + 12. Calculate the remainder when n(5) is divided by 9.
8
Calculate the remainder when ((-2)/(-3))/((-12)/(-306)) is divided by 10.
7
Let g(y) = -7*y**3 - 2*y**2 + 2*y + y**3 + 5*y**3. What is the remainder when g(-4) is divided by 13?
11
Suppose -2*a = -5*v - a + 171, -3*v - 5*a = -97. Suppose 0*n = -2*n + 56. What is the remainder when v is divided by (n/35)/((-2)/(-45))?
16
Let u(s) = -s**2 - 4*s - 2. Suppose r = 4*r + 6. What is the remainder when u(r) is divided by 1?
0
What is the remainder when 81 is divided by (-252)/8*6/(-9)?
18
Let v = 0 + 14. Calculate the remainder when 240/9 + 10/(-15) is divided by v.
12
Let k(n) = n**3 - 3*n**2 - 5*n - 4. Suppose 4*u + l - 42 = 0, l + 24 = -u + 3*u. What is the remainder when k(5) is divided by u?
10
Suppose -408 = -10*h + 6*h. What is the remainder when h is divided by 26?
24
Let x(l) = l**3 + 5*l**2 - 9*l - 9. Suppose 5*b = -4*v - 75, -4*v - 2*b - 57 = -3*b. Calculate the remainder when (v/(-4))/(6/40) is divided by x(-6).
7
Let s(z) = 4*z**2 + 9*z + 12. Calculate the remainder when s(-5) is divided by 17.
16
Suppose 0 = -42*v + 44*v - 34. Let c(j) = -10*j - 3. What is the remainder when c(-7) is divided by v?
16
Let a = -10 - -9. Let r(k) = 14*k**2 - k. What is the remainder when 43 is divided by r(a)?
13
Suppose 3*a - 55 = -i + 68, -4*a + 2*i + 164 = 0. What is the remainder when 80 is divided by a?
39
What is the remainder when (92/(-14))/(8/(-56)) is divided by 17?
12
Suppose j + 3 - 8 = 0. Calculate the remainder when (-2 + 1)/(2/(-26)) is divided by j.
3
Suppose 0 = -v 